{"id":1953,"date":"2017-09-05T18:10:22","date_gmt":"2017-09-05T18:10:22","guid":{"rendered":"https:\/\/sites.austincc.edu\/money\/?page_id=1953"},"modified":"2023-12-18T11:18:08","modified_gmt":"2023-12-18T16:18:08","slug":"gastos-fijos","status":"publish","type":"page","link":"https:\/\/students.austincc.edu\/money\/en-espanol\/gastos-fijos\/","title":{"rendered":"Gastos Fijos"},"content":{"rendered":"<p><strong>Cuales son los gastos fijos?<\/strong><\/p>\n<p>Los gastos fijos son aquellos que no var\u00edan de semestre a semestre. Estos son algunos ejemplos de gastos fijos que podr\u00edas tener.<\/p>\n<ul class=\"wp-block-list\">\n<li>Pagos de renta o hipoteca<\/li>\n<li>Pagos del carro<\/li>\n<li>Seguro de auto<\/li>\n<li>Primas del seguro m\u00e9dico<\/li>\n<li>Otros pagos de seguros como el seguro de inquilino o el seguro de vida<\/li>\n<li>Cuidado de ni\u00f1os\/Guarder\u00eda<\/li>\n<li>Pagos de servicios (incluyen electricidad, gas, agua)<\/li>\n<li>Recolecci\u00f3n de Basura<\/li>\n<li>Tel\u00e9fono celular \/ l\u00ednea fija<\/li>\n<li>Gastos m\u00e9dicos (prescripciones mensuales, suministros)<\/li>\n<li>Internet<\/li>\n<li>Cable<\/li>\n<li>Servicios de suscripci\u00f3n (incluye: transmisi\u00f3n de video \/ sitios de m\u00fasica)<\/li>\n<li>Manutenci\u00f3n de hijos<\/li>\n<li>Pagos de pr\u00e9stamos (pr\u00e9stamos estudiantiles, pr\u00e9stamos a corto plazo, pagos de tarjeta de cr\u00e9dito)<\/li>\n<li>Ahorros<\/li>\n<\/ul>\n","protected":false},"excerpt":{"rendered":"<p>Cuales son los gastos fijos? Los gastos fijos son aquellos que no var\u00edan de semestre a semestre. Estos son algunos ejemplos de gastos fijos que podr\u00edas tener.<\/p>\n","protected":false},"author":90,"featured_media":0,"parent":1253,"menu_order":0,"comment_status":"closed","ping_status":"closed","template":"","meta":{"footnotes":""},"class_list":["post-1953","page","type-page","status-publish","hentry"],"_links":{"self":[{"href":"https:\/\/students.austincc.edu\/money\/wp-json\/wp\/v2\/pages\/1953","targetHints":{"allow":["GET"]}}],"collection":[{"href":"https:\/\/students.austincc.edu\/money\/wp-json\/wp\/v2\/pages"}],"about":[{"href":"https:\/\/students.austincc.edu\/money\/wp-json\/wp\/v2\/types\/page"}],"author":[{"embeddable":true,"href":"https:\/\/students.austincc.edu\/money\/wp-json\/wp\/v2\/users\/90"}],"replies":[{"embeddable":true,"href":"https:\/\/students.austincc.edu\/money\/wp-json\/wp\/v2\/comments?post=1953"}],"version-history":[{"count":0,"href":"https:\/\/students.austincc.edu\/money\/wp-json\/wp\/v2\/pages\/1953\/revisions"}],"up":[{"embeddable":true,"href":"https:\/\/students.austincc.edu\/money\/wp-json\/wp\/v2\/pages\/1253"}],"wp:attachment":[{"href":"https:\/\/students.austincc.edu\/money\/wp-json\/wp\/v2\/media?parent=1953"}],"curies":[{"name":"wp","href":"https:\/\/api.w.org\/{rel}","templated":true}]}}