{"id":2181,"date":"2018-01-22T17:50:08","date_gmt":"2018-01-22T17:50:08","guid":{"rendered":"https:\/\/sites.austincc.edu\/money\/?page_id=2181"},"modified":"2023-12-18T10:55:46","modified_gmt":"2023-12-18T15:55:46","slug":"becas","status":"publish","type":"page","link":"https:\/\/students.austincc.edu\/money\/en-espanol\/becas\/","title":{"rendered":"Becas"},"content":{"rendered":"<p>Una de las opciones disponibles para pagar la universidad son las becas. Este tipo de est\u00edmulo financiero se otorga a estudiantes que se distinguen por alguno de los siguientes factores: promedio, desempe\u00f1o en su \u00e1rea de estudio, y\/o necesidad.<\/p>\n<p><a href=\"https:\/\/students.austincc.edu\/scholarships\/\" data-type=\"link\" data-id=\"https:\/\/students.austincc.edu\/scholarships\/\">Austin Community College<\/a> administra una variedad de becas, las cuales incluyen becas para estudiantes de ciencia y tecnolog\u00eda, estudiar en el extranjero, y muchas m\u00e1s.<\/p>\n<p>Aprovecha este tipo de oportunidades para que obtengas la mejor forma de ayuda financiera: la que no tienes que pagar de vuelta. Llena tu solicitud antes de la fecha l\u00edmite para ser considerado.<\/p>\n","protected":false},"excerpt":{"rendered":"<p>Una de las opciones disponibles para pagar la universidad son las becas. Este tipo de est\u00edmulo financiero se otorga a estudiantes que se distinguen por alguno de los siguientes factores: promedio, desempe\u00f1o en su \u00e1rea &hellip; <a href=\"https:\/\/students.austincc.edu\/money\/en-espanol\/becas\/\">Continue reading <span class=\"meta-nav\">&rarr;<\/span><\/a><\/p>\n","protected":false},"author":90,"featured_media":0,"parent":1253,"menu_order":0,"comment_status":"closed","ping_status":"closed","template":"","meta":{"footnotes":""},"class_list":["post-2181","page","type-page","status-publish","hentry"],"_links":{"self":[{"href":"https:\/\/students.austincc.edu\/money\/wp-json\/wp\/v2\/pages\/2181","targetHints":{"allow":["GET"]}}],"collection":[{"href":"https:\/\/students.austincc.edu\/money\/wp-json\/wp\/v2\/pages"}],"about":[{"href":"https:\/\/students.austincc.edu\/money\/wp-json\/wp\/v2\/types\/page"}],"author":[{"embeddable":true,"href":"https:\/\/students.austincc.edu\/money\/wp-json\/wp\/v2\/users\/90"}],"replies":[{"embeddable":true,"href":"https:\/\/students.austincc.edu\/money\/wp-json\/wp\/v2\/comments?post=2181"}],"version-history":[{"count":0,"href":"https:\/\/students.austincc.edu\/money\/wp-json\/wp\/v2\/pages\/2181\/revisions"}],"up":[{"embeddable":true,"href":"https:\/\/students.austincc.edu\/money\/wp-json\/wp\/v2\/pages\/1253"}],"wp:attachment":[{"href":"https:\/\/students.austincc.edu\/money\/wp-json\/wp\/v2\/media?parent=2181"}],"curies":[{"name":"wp","href":"https:\/\/api.w.org\/{rel}","templated":true}]}}